se 4*q = 4*f - 452, 126 - 3 = f - 3*q. Suppose 9*b - f = 15*b. List the prime factors of 2/6 + ((-1110)/b - 3).
59
Suppose 38*z = 50*z - 15204. Let n = 2780 - z. List the prime factors of n.
17, 89
Suppose -3*x + 2*x + 8 = 0. Suppose x*n = 3*n + 2480. Suppose n = g + 7*g. List the prime factors of g.
2, 31
Let z(i) = 1992*i + 55. List the prime factors of z(16).
7, 4561
Let n = -7685 + 10658. List the prime factors of n.
3, 991
Let y be (0 - -4)*1/(-2). Let z(r) = 27*r**2 - 7*r - 10. Let a(l) = 46*l**2 - 14*l - 19. Let m(v) = -4*a(v) + 7*z(v). What are the prime factors of m(y)?
2, 3
Let c(g) = 243*g**3 - 2*g + 1. Let b be c(1). What are the prime factors of (b + -9)/(2 - 1)?
233
Suppose 0 = 85*s - 471351 + 32071. What are the prime factors of s?
2, 17, 19
Suppose -a - 5*o + 11 = 0, -2*o - 3*o = 3*a - 13. Let y be a + 1 - 4/(-6)*-3. Suppose 3*z + 171 = 2*g + g, -4*g + 3*z + 231 = y. List the prime factors of g.
2, 3, 5
Let v(x) = -17*x - 3*x**2 - 11 - 3*x**2 - 8*x**2 + 18*x**2. List the prime factors of v(-8).
3, 127
Suppose 8*n = -159*n + 1630755. What are the prime factors of n?
3, 5, 7, 31
Suppose 80*a = -163*a + 3193992. What are the prime factors of a?
2, 31, 53
Let u(g) = -g**2 - 41 - 37*g - 7*g**2 + 7*g**2. What are the prime factors of u(-30)?
13
Suppose -5*n - 1440 = f, -4*n - 2*f - 2*f - 1136 = 0. Let o = n - -520. What are the prime factors of o?
3, 7, 11
Suppose 3*v + 51*k + 51 = 56*k, 5 = 11*v + 3*k. Let h be -1 + -1 + 3 - -13. List the prime factors of (4 + -1*(h + v))*-20.
2, 5
Let p(l) = 40*l**2 - 4*l**3 - 3*l**2 + 12*l**3 + 0*l - 3*l - 9*l**3 + 76. List the prime factors of p(36).
2, 79
Suppose 59*h - 545040 = 39*h. List the prime factors of h.
2, 3, 757
Let q(d) = -476*d - 25. What are the prime factors of q(-1)?
11, 41
Suppose 10*t - 17567 + 2987 = 0. Let v = -1013 + t. What are the prime factors of v?
5, 89
Suppose -4*n - 3*j + 1080 = j, -j = -5*n + 1368. Let q be ((-2)/6)/(20/(-11820))*1. Suppose -4*u - 3*o - n = -7*u, 2*u - q = -o. List the prime factors of u.
2, 3
Let u = -193 + -189. Let m = 13 - u. List the prime factors of m.
5, 79
Let i = -423 - -100. Let f = i + 563. Let n = -154 + f. List the prime factors of n.
2, 43
Let c = -29 - -73. What are the prime factors of 6930/c + (-2)/4?
157
Suppose 0 = -5*j - 509*y + 507*y + 19650, 4*j - 15732 = -4*y. List the prime factors of j.
2, 491
Let v = 776 - 149. Suppose -3*o + 0*z - 4*z = -v, -o - z + 208 = 0. List the prime factors of o.
5, 41
Suppose 3*x = 2*t - x - 8, -4*t - 2*x = 24. Let h = 7 + t. Suppose 4*p + 5*k = 401, -k = p + h*p - 381. List the prime factors of p.
2, 47
Let f be (-34)/(1*(-5)/(-20)). What are the prime factors of 27/18*f/(-3)?
2, 17
Let u be -4*1/(-26) - 3006/(-234). Suppose 0 = -u*a + 9*a + 2488. What are the prime factors of a?
2, 311
Let v = -241 - -356. Suppose v*s = 114*s + 368. What are the prime factors of s?
2, 23
Let j(m) = -m**3 + 6*m**2 + 2*m - 13. Let o be j(6). Let n be (3/9*-3)/o. Suppose -f - 5*a + 27 = 0, -4 = 3*a - n. List the prime factors of f.
2
Let r(s) = s**3 + 7*s**2 - 3*s + 23. Let z be r(-7). Suppose z - 36 = 2*q. What are the prime factors of (2172/10)/3 + q/(-10)?
2, 3
Let o(z) be the third derivative of 53*z**5/30 + 11*z**4/12 - 7*z**3/2 + 14*z**2. What are the prime factors of o(1)?
107
Let l be (37 + -1)*(-20 - -31). Let g = l - 313. What are the prime factors of g?
83
Suppose 3*x = -4*w - 8, -x + 6 = 4*x - 3*w. Let k be x + -3 + 5 - -8. Suppose k*u - 500 = -0*u. What are the prime factors of u?
2, 5
Let m be (-2)/15*-3 + 2254/115. Suppose 0 = -y, -m = 4*p - 8*p + 4*y. Suppose 3*o = -2*d + 209, -2*d - p*o + 97 + 110 = 0. List the prime factors of d.
2, 53
Let m(x) = x**2 - 26*x + 15. Let l be m(-13). Let w = -311 + l. List the prime factors of w.
211
Suppose 4*x = 5*s - 4, -23 = -5*x - 4*s + 13. Suppose -x*q - 1390 = -5*d + 437, d - 351 = -4*q. List the prime factors of d.
3, 11
Let p(d) = d**2 + 21*d - 36. Let g be p(-22). Let u be (27*1)/((-21)/g - 3). What are the prime factors of (-6)/u*15*5?
5
Let q(l) = l**3 - 12*l**2 + 15*l + 34. Let a be q(10). What are the prime factors of (a - -13)/((-3)/17)*18?
2, 3, 17
Suppose -2*i + 4*s + 22960 = 0, 4*i + 5*s - 45250 - 644 = 0. What are the prime factors of i?
2, 19, 151
Suppose 0 = -4*k + 4, 3*w + 7*k = 3*k - 199700. What are the prime factors of 1/((-56)/w) + 4/14?
29, 41
Let h(l) = 14*l**3 - 3*l**2 + 9. Let c be (0 - 32/(-12)) + (-2)/(-6). What are the prime factors of h(c)?
2, 3, 5
Suppose 9 = -0*h - h - 4*l, 3*h - 3*l - 48 = 0. Let n be (h - 3) + 4/(-2). List the prime factors of n/(-27) - (2 - 650/9).
2, 5, 7
Let b(z) = -4*z**2 + 60*z - 5. Let n be b(15). What are the prime factors of ((-5)/n + 62 + 1)/1?
2
Let f = -94 - -105. List the prime factors of 2730/3 + (f - 9).
2, 3, 19
Let m(d) = -d + 7. Let f be m(7). Suppose -5*o + 11 = 2*y - f*o, -4*o = -12. List the prime factors of 3339/28 + y/8.
7, 17
Suppose -3*g + 132 = 114. Suppose g*r - 395 = 6361. Suppose r = 5*y - 154. List the prime factors of y.
2
Let d = -62335 + 121794. What are the prime factors of d?
37, 1607
Suppose -4*c - 10 = 14. Let x be (((-15)/c)/(-5))/(6/(-1356)). Suppose -5*p = -4*v - 572, 2*v = -4*p - x + 581. List the prime factors of p.
2, 29
Suppose -117 = 5*j - 2792. Let i = -101 + j. What are the prime factors of i?
2, 7, 31
Suppose 2596 = 6*j + 24736. List the prime factors of (-7)/28 - j/8.
461
Let s = 50283 - 27791. List the prime factors of s.
2, 5623
Suppose -12 = -2*o, -16*y - 33768 = -19*y - 3*o. List the prime factors of y.
2, 3, 5
Let a be 193626/48 + 2/16. Suppose -798 = -b - 3*x + x, a = 5*b - x. What are the prime factors of b?
2, 13, 31
Let q be (13/(-4) + 3)*-76. List the prime factors of (q - -2)/(7 + 1645/(-238)).
2, 7, 17
Suppose j = 3*p - 38092, 5*p - 2*j - 12699 = 4*p. List the prime factors of p.
12697
Let i(j) = 527*j**2 - 11*j + 41. Let a(p) = p - 6. Let m(x) = 6*a(x) + i(x). List the prime factors of m(1).
17, 31
Suppose -4*x + 1 = 3*i + 2, 3*x - 21 = 5*i. Suppose -3*s = -0*s + 63. List the prime factors of (791/s + 5)/(x/(-3)).
7
Let c(t) = -6*t**3 - 4*t**2 + 4*t + 5. Suppose -3*w = -56 + 2. Let n be (-32)/w - (-10)/(-45). List the prime factors of c(n).
29
Let n = 17611 - 10395. What are the prime factors of n?
2, 11, 41
Let c = 9190 + -5238. What are the prime factors of c?
2, 13, 19
Let p(x) = x**2 + 131*x - 168. List the prime factors of p(44).
2, 7, 269
Let d = -980 + 1429. Let f(x) = 4*x - 3. Let h be f(2). Suppose -3*t + 329 = -4*u, -3*t = t + h*u - d. What are the prime factors of t?
3, 37
Let h(u) = 572*u**3 + u**2 - 11*u + 11. Suppose -2*b = 2*n - 2, 0 = 6*b - 10*b + 5*n + 4. List the prime factors of h(b).
3, 191
Suppose -h - 2*h - 2*u = 506, -845 = 5*h + 5*u. Let v = h - -338. Suppose -11*a + v = -9*a. List the prime factors of a.
5, 17
Suppose -5*d - 2*g - 13 = -39, -8 = -5*d + 4*g. Suppose d*u - 24 = 4*o, -5*u = -7*u + 5*o + 9. List the prime factors of u.
7
Suppose -m - y - 2 = 0, 2*m = y + 11 - 0. Let i(f) = f**3 - 2*f**3 + 3*f**m - 4 - 6*f - 5*f**2 - 3*f**3. What are the prime factors of i(-6)?
2, 17
Let c = 577 + -361. Let t be (-6)/(-12)*6/(-9)*231. Let x = t + c. List the prime factors of x.
139
Let s(n) = 3431*n - 2292. List the prime factors of s(20).
2, 8291
Suppose 0 = f + 5*x + 17, f - 3*f - 3*x - 6 = 0. Suppose -4*i = -a - 11, f*a - 4*i + 1 + 8 = 0. Suppose 0 = -3*g + 113 + a. List the prime factors of g.
2, 19
Suppose 0*r + 6 = -3*r, z = 4*r + 11. Suppose 0 = 5*i - z*x - 805, -i - 4*x + 126 = -35. What are the prime factors of i?
7, 23
Let w be ((-4)/3)/((2/2)/(-3)). Suppose 667 = w*s + 5*x, 3*s = -x + 155 + 359. What are the prime factors of s?
173
Suppose 0 = 2*m + 3*z - 4817, -z - 7175 - 2424 = -4*m. List the prime factors of m.
7
Let i = 93 - 89. Suppose -3*y - 12 = 0, -2*g - 6 - 14 = i*y. Let j(o) = 14*o**2 - o + 1. What are the prime factors of j(g)?
59
Suppose -2*s = m + 4*m - 14, -5*m + 12 = s. Let z(p) = p**3 - 2. Let h be z(s). Suppose -h*b = b - 392. List the prime factors of b.
2, 7
Let c = -1027 - -2392. Suppose -5*d - 3*f + c = 0, -863 - 229 = -4*d + f. What are the prime factors of d?
3, 7, 13
Let f(c) = 5*c - 26. Let h(r) = -3*r**2 + 29*r - 18. Let n be h(8). Suppose 5*m + n = 6*m. What are the prime factors of f(m)?
2, 3